ndred millions digit of 2779369717?
7
What is the units digit of 76012361?
1
What is the ten millions digit of 4120984787?
2
What is the tens digit of 6988229?
2
What is the tens digit of 48425314?
1
What is the billions digit of 3195306727?
3
What is the billions digit of 1095066716?
1
What is the tens digit of 2183932977?
7
What is the units digit of 165736365?
5
What is the units digit of 88131261?
1
What is the millions digit of 162041073?
2
What is the thousands digit of 3670889470?
9
What is the thousands digit of 19149945?
9
What is the millions digit of 20524488?
0
What is the thousands digit of 52437157?
7
What is the hundred millions digit of 370506811?
3
What is the ten thousands digit of 49850707?
5
What is the hundred millions digit of 115633336?
1
What is the ten thousands digit of 281052999?
5
What is the thousands digit of 41585936?
5
What is the ten millions digit of 4499666363?
9
What is the hundred thousands digit of 2896429?
8
What is the hundred thousands digit of 109827026?
8
What is the ten thousands digit of 5157639?
5
What is the tens digit of 5925254620?
2
What is the ten thousands digit of 356651947?
5
What is the thousands digit of 554933564?
3
What is the thousands digit of 3384929500?
9
What is the hundred thousands digit of 133813155?
8
What is the thousands digit of 320663190?
3
What is the millions digit of 49263327?
9
What is the units digit of 61485684?
4
What is the hundreds digit of 208878974?
9
What is the thousands digit of 27998282?
8
What is the hundred thousands digit of 1552478278?
4
What is the hundreds digit of 1174497430?
4
What is the tens digit of 80083102?
0
What is the ten millions digit of 863220837?
6
What is the ten thousands digit of 995980588?
8
What is the hundreds digit of 656382571?
5
What is the units digit of 5621991660?
0
What is the units digit of 131541668?
8
What is the hundred thousands digit of 2171494?
1
What is the ten thousands digit of 26483848?
8
What is the units digit of 158617052?
2
What is the ten millions digit of 36681461?
3
What is the tens digit of 2859261458?
5
What is the tens digit of 371848966?
6
What is the ten thousands digit of 49467126?
6
What is the millions digit of 534038977?
4
What is the ten thousands digit of 12773826?
7
What is the hundred millions digit of 921199807?
9
What is the ten millions digit of 21731929?
2
What is the ten thousands digit of 76749381?
4
What is the hundreds digit of 1041708740?
7
What is the ten millions digit of 88372042?
8
What is the units digit of 540958522?
2
What is the ten millions digit of 674834734?
7
What is the millions digit of 15790639?
5
What is the hundreds digit of 9687411?
4
What is the hundreds digit of 33145396?
3
What is the hundreds digit of 96492596?
5
What is the thousands digit of 136642626?
2
What is the tens digit of 2562807273?
7
What is the tens digit of 6448534?
3
What is the millions digit of 105512185?
5
What is the ten millions digit of 48328642?
4
What is the thousands digit of 316596364?
6
What is the units digit of 6296054659?
9
What is the hundreds digit of 1921191788?
7
What is the units digit of 56762306?
6
What is the hundred thousands digit of 451114238?
1
What is the thousands digit of 222321169?
1
What is the tens digit of 6721648071?
7
What is the billions digit of 1342554726?
1
What is the ten thousands digit of 20655655?
5
What is the units digit of 78455047?
7
What is the hundreds digit of 140778132?
1
What is the thousands digit of 30213350?
3
What is the tens digit of 47042734?
3
What is the hundreds digit of 3229211578?
5
What is the ten millions digit of 981002907?
8
What is the ten millions digit of 880000265?
8
What is the hundred thousands digit of 72818677?
8
What is the thousands digit of 1345612253?
2
What is the ten millions digit of 8795300773?
9
What is the tens digit of 76595220?
2
What is the hundred millions digit of 6869106100?
8
What is the hundreds digit of 5628210791?
7
What is the hundred thousands digit of 3587147913?
1
What is the hundreds digit of 7288063?
0
What is the tens digit of 422770836?
3
What is the hundreds digit of 226555?
5
What is the thousands digit of 159057904?
7
What is the thousands digit of 1811722950?
2
What is the ten thousands digit of 85656302?
5
What is the units digit of 434325647?
7
What is the hundred millions digit of 588051596?
5
What is the hundred thousands digit of 34196367?
1
What is the ten thousands digit of 457701897?
0
What is the hundred millions digit of 1609503481?
6
What is the ten millions digit of 1122510378?
2
What is the hundred millions digit of 1481535358?
4
What is the units digit of 105759053?
3
What is the thousands digit of 51204061?
4
What is the hundreds digit of 5508420040?
0
What is the units digit of 45539516?
6
What is the hundred millions digit of 2073002867?
0
What is the hundred millions digit of 210809575?
2
What is the units digit of 86483436?
6
What is the millions digit of 500031247?
0
What is the units digit of 331644759?
9
What is the millions digit of 563231689?
3
What is the billions digit of 3641495185?
3
What is the ten millions digit of 308280501?
0
What is the thousands digit of 423673481?
3
What is the hundreds digit of 767980606?
6
What is the hundred thousands digit of 32025468?
0
What is the tens digit of 36864531?
3
What is the hundred millions digit of 3398325023?
3
What is the units digit of 296083489?
9
What is the hundred millions digit of 2142446503?
1
What is the millions digit of 356374922?
6
What is the hundreds digit of 82101759?
7
What is the units digit of 36552179?
9
What is the units digit of 33645700?
0
What is the thousands digit of 7623869323?
9
What is the hundreds digit of 669102379?
3
What is the tens digit of 201336513?
1
What is the units digit of 20325422?
2
What is the hundred thousands digit of 52170529?
1
What is the hundred thousands digit of 1343211461?
2
What is the hundred thousands digit of 1704939395?
9
What is the tens digit of 2595985992?
9
What is the hundred thousands digit of 356680023?
6
What is the units digit of 4225884249?
9
What is the thousands digit of 902402877?
2
What is the units digit of 724267753?
3
What is the tens digit of 15790986?
8
What is the hundreds digit of 378419737?
7
What is the thousands digit of 77935335?
5
What is the ten millions digit of 3287346146?
8
What is the thousands digit of 1343301666?
1
What is the tens digit of 82067305?
0
What is the hundreds digit of 70027077?
0
What is the units digit of 294904878?
8
What is the hundreds digit of 27396800?
8
What is the millions digit of 134240586?
4
What is the units digit of 166445262?
2
What is the millions digit of 240511337?
0
What is the hundred thousands digit of 880810617?
8
What is the hundred millions digit of 351512976?
3
What is the tens digit of 6443897294?
9
What is the ten thousands digit of 475170123?
7
What is the tens digit of 72949205?
0
What is the thousands digit of 2496399717?
9
What is the units digit of 67494593?
3
What is the ten millions digit of 4209042491?
0
What is the hundred millions digit of 2915445947?
9
What is the millions digit of 92338637?
2
What is the hundred thousands digit of 54105772?
1
What is the ten millions digit of 18642831?
1
What is the tens digit of 206127180?
8
What is the hundred thousands digit of 57847951?
8
What is the ten millions digit of 2545044420?
4
What is the hundreds digit of 453035246?
2
What is the ten thousands digit of 58082879?
8
What is the hundred millions digit of 167098917?
1
What is the ten thousands digit of 171985516?
8
What is the hundred thousands digit of 80589528?
5
What is the ten thousands digit of 1624237?
2
What is the tens digit of 18750552?
5
What is the ten thousands digit of 31128944?
2
What is the ten thousands digit of 1913953260?
5
What is the hundreds digit of 1867474135?
1
What is the thousands digit of 1137536279?
6
What is the hundred millions digit of 1547689469?
5
What is the ten millions digit of 187841704?
8
What is the ten millions digit of 239046955?
3
What is the hundred thousands digit of 38575009?
5
What is the ten millions digit of 1816451500?
1
What is the thousands digit of 728778338?
8
What is the hundreds digit of 490837343?
3
What is the ten millions digit of 5